36 + 47974. What are the prime factors of u?
3, 7, 241
Suppose c = 3*c + 2. Let o(x) = -89*x**2. Let i(n) = -1512*n**2. Let k(u) = 2*i(u) - 35*o(u). What are the prime factors of k(c)?
7, 13
Suppose -2*l = -4*g + 648, -28*g - 12*l + 87 = -27*g. Suppose 0 = -b - 10 - 19. Let z = g + b. What are the prime factors of z?
2, 5, 13
Let o(p) = p**2 + 21*p + 79. Let x be o(-13). What are the prime factors of (81 + 9)/(5/(x/(-2)))?
3, 5
Suppose 7*f + 84 = 11*f. Let d = -27 + f. What are the prime factors of (-2)/d*(-183)/(-1)?
61
Let o = -8223 + 15088. What are the prime factors of o?
5, 1373
Suppose -298*v - 253656 = -334*v. What are the prime factors of v?
2, 13, 271
Suppose -10*n = 4*l - 9*n + 23, -n + 40 = -5*l. Let f(m) = 12*m**2 - 5*m - 66. List the prime factors of f(l).
557
Let s(g) = -g**3 - 34*g**2 - 74*g - 2334. What are the prime factors of s(-42)?
2, 3, 827
Suppose -44 = -21*q + 17*q. Suppose 3008 = q*g - 853. What are the prime factors of g?
3, 13
Suppose -43462 = 15*i - 230302. What are the prime factors of i?
2, 3, 173
List the prime factors of 21745*56/70*(-1)/(2*-1).
2, 4349
Let a(x) = x**3 - 4*x**2 + 5*x - 6. Let j be a(3). Let t(c) = -27*c + 153. List the prime factors of t(j).
3, 17
Suppose 4*m + 21 = 5*m - b, 5*m + 5*b - 55 = 0. Let t be (20 + 0)*((-44)/m - -3). Suppose 2*s + 336 = t*s. What are the prime factors of s?
2, 7
Suppose -246544 - 1225284 = -32*t + 76844. What are the prime factors of t?
2, 3, 37, 109
Suppose 5*t = -110 + 10. Let m(l) = -l**2 - 27*l - 12. What are the prime factors of m(t)?
2
Let o be (0 + -6)*((-40)/12)/5. Suppose 4*x + o*u = 7*x - 743, -3*u - 15 = 0. Suppose -2*g - p + 152 = -4*p, -2*p + x = 3*g. List the prime factors of g.
79
Suppose 0 = 8*t + 50 + 14. Let a be t/(3 + 1) - 2 - 294. Let l = 458 + a. What are the prime factors of l?
2, 5
Let w = 109 + -107. Suppose r + 1952 = w*y - 2*r, 2*y - 1956 = r. Suppose -12*c + y = 199. What are the prime factors of c?
5, 13
Let h be -1 - 3/((-3)/(-14)). Let r(b) = -144*b + 216. Let a(k) = 13*k - 19. Let m(p) = -45*a(p) - 4*r(p). List the prime factors of m(h).
2, 3, 7
Let m(j) = 7*j**2 - 2 + 59*j**3 - 114*j**3 - 7*j + 56*j**3. What are the prime factors of m(-7)?
47
Suppose 20*a = 123532 - 10112. List the prime factors of a.
53, 107
Suppose m - 3 = s, -5*s + 8 = -4*m + 20. Suppose -m*d = -860 + 266. List the prime factors of d.
2, 3, 11
Let r = 58 - 58. Let i(v) be the second derivative of v**3/3 + 89*v**2/2 + 4*v. List the prime factors of i(r).
89
Let b = 158 - 14. Let j be -13 + 13 - (0 + -86). Let g = b - j. What are the prime factors of g?
2, 29
Let i be -1*(-72)/(16/4). List the prime factors of 135/i*(-2)/(-3) + 286.
3, 97
Let p(f) = -49*f - 389. Let b be p(-8). What are the prime factors of b - -1336 - (2 + -4 + 7)?
2, 23, 29
Suppose 0 = u + 2*f + 4, -3*f = -3*u + u + 20. Let i be (-9)/((-45)/4)*10/u. What are the prime factors of (-1)/i + (-370)/(-4)?
2, 23
Let r = -23162 + 34021. List the prime factors of r.
10859
Let v(f) = 261*f**2 + 177*f - 2001. List the prime factors of v(10).
3, 8623
Let j(n) = -9*n**2 + 7*n + 24*n**2 + 12*n**2 + 2*n**2 - 15. List the prime factors of j(4).
3, 53
Suppose -4*i = 3*a - 27085 + 8737, 0 = 4*i - a - 18364. What are the prime factors of i?
2, 3, 5, 17
Let y = 28764 - -22197. What are the prime factors of y?
3, 16987
Let h = 64 + -38. What are the prime factors of (h + 4)/(-2 + (-127)/(-62))?
2, 5, 31
Suppose 8*j - 3*j + 102850 = 5*x, 0 = -2*x - 2*j + 41128. What are the prime factors of x?
131, 157
Suppose 17 - 19 = -p. Suppose 5*h = -p*v + 5, 3*h = -0*h + 3*v - 18. What are the prime factors of h/((-184)/60 - -3)*5?
3, 5
Let n(f) = f**3 + 11*f**2 - 2*f. Suppose 13*a = -70 - 34. What are the prime factors of n(a)?
2, 13
Let u(o) = o**2 - 21*o + 7. Let w be u(19). Let m = 30 - w. Let z = m - 42. List the prime factors of z.
19
Let i(a) be the third derivative of -287*a**6/40 - a**5/60 - a**4/8 - a**3/2 + 81*a**2. List the prime factors of i(-1).
2, 5, 43
Let o = -66 + 101. Suppose -2*k - o = 5*k. List the prime factors of (13/(-2))/(k/70).
7, 13
Suppose -2*c - 1560 = -22*c. Let o = 359 - c. What are the prime factors of o?
281
Let u(l) = -3002*l + 2931. What are the prime factors of u(-14)?
44959
List the prime factors of (-18)/(-72) + (-832706)/(-56).
2, 5, 1487
List the prime factors of 17682 - 9/27*-15.
23, 769
Suppose 0 = -4*q + 5*f - 12, q - 4*f + 7*f = 14. What are the prime factors of 403 + 19 + q/2*-3?
419
Let m(q) = -q**2 - 9*q - 8. Let s be m(-25). What are the prime factors of s/(-18)*(-54)/(-3)?
2, 3, 17
Let n(f) = 27*f**2 - 3*f + 10. Let s be n(4). Let y be 2/6 + s/(-30). Let k = y - -36. What are the prime factors of k?
2, 11
Suppose 17618 = u + n, 409 = 4*n + 417. What are the prime factors of u?
2, 5, 881
Suppose -6*g - g + 35 = 0. What are the prime factors of 445 - ((-57)/15 - -3)*g?
449
Let v = -53 - -58. Suppose 19 + 6 = -v*g. Let a(p) = 2*p + 19. What are the prime factors of a(g)?
3
Let b = 28493 - 18717. Suppose 4607 = 19*a - b. List the prime factors of a.
757
Let k(f) = -24*f**3 - 21*f**2 - 7*f - 3. Let m(p) = -27*p**3 - 23*p**2 - 8*p - 3. Let s(v) = 5*k(v) - 4*m(v). List the prime factors of s(-4).
569
Let r(l) = 2*l**3 - 16*l**2 + 3*l - 19. Suppose 3*k - 20 = 4*p, -2*k - 3*p = 2*k - 35. Let c be r(k). What are the prime factors of (12 - 7)*83/c?
83
List the prime factors of (-274)/(10 - (-126)/(-12))*16.
2, 137
Let s(m) = 75 + 52*m - 24*m - 1 - 29*m. List the prime factors of s(-37).
3, 37
Let n(d) = -2*d**2 - 17*d + 8. Let g be n(-9). Let b be (-10)/4 + g/2. What are the prime factors of 3/b*(-177)/3?
59
Let z(w) = -2*w**3 - 58*w**2 - 12*w - 58. Let m(l) = l**2 - 14*l + 11. Let y be m(10). List the prime factors of z(y).
2, 5, 29
Let o = -5262 + 9578. Suppose -3*n + o = j, 3*n - 4306 = 6*j - 5*j. List the prime factors of n.
3, 479
Suppose 3*o + 2*y = -2*o - 1241, 2*o + 491 = y. Let r = o - -366. List the prime factors of r.
7, 17
Suppose -3*t - 32 = -2. Let r be t*(12/4)/(-6). Suppose 667 - 142 = r*s. What are the prime factors of s?
3, 5, 7
Suppose 5*f - 2*x - 99243 = 4769, 5*x + 41588 = 2*f. List the prime factors of f.
2, 7, 743
Suppose 3*b - 13 = -5*m - 0*m, -4*m + 3*b = -32. Suppose -3*f = -3*o + 645, 2*o - o - 191 = -m*f. What are the prime factors of o?
211
List the prime factors of 1*1695/(8/(-20) + 1).
5, 113
Let u = -259 + 551. Let m = u + -263. What are the prime factors of m?
29
Let h = -59 - -91. Suppose -4*w = 4*w + h. Let t(g) = -17*g + 12. What are the prime factors of t(w)?
2, 5
List the prime factors of 13 - (-761024)/16 - -26.
181, 263
What are the prime factors of (-7 + 13569)*(-12)/(-60) - 3/(-5)?
2713
Suppose 0 = -7*b + 8*b - 497. Suppose -1700 - b = -4*c - 3*j, 2*j = c - 563. Suppose 3*a = 10*a - c. List the prime factors of a.
79
Suppose -5218 = -3*y - 2*s + 989, y + s = 2068. Suppose 3*a - x = y, 0 = 2*x + 2 - 12. List the prime factors of a.
2, 173
Suppose 5*v = 6*v - 14. Suppose 18*j - 736 = v*j. Suppose 0 = 2*p - 0 - j. What are the prime factors of p?
2, 23
Suppose 13*y - 44 = 2*y. Suppose -161 = -5*n + y*n. What are the prime factors of (-2)/(-8)*(-13 + n)?
37
Suppose a = 5*k - 4*a - 16640, -3*a + 9966 = 3*k. List the prime factors of k.
5, 7, 19
Suppose 0*n + 15 = 3*l + 3*n, -4*l + n = -15. Suppose l*t - 5536 = -5*b, -11 = 2*b - 3. What are the prime factors of t?
3, 463
Let q be (-14 - -3)*(0 - 2). Suppose -3*g = -q - 8. Suppose 5*w - g*w = -120. What are the prime factors of w?
2, 3
Let b = 9264 + -6383. What are the prime factors of b?
43, 67
Suppose -572*i = -562*i - 30. Let b(u) = -u**2 - 8*u - 7. Let m be b(-6). Suppose -2*a + 4*y + 352 = 0, i*a - 555 = -m*y + 2*y. List the prime factors of a.
2, 7, 13
Let w = 2406 + 5073. List the prime factors of w.
3, 277
Let h = 103372 + -48969. List the prime factors of h.
54403
Let z be (-3)/6*(1 - 1143). Suppose 3*s - z = 281. Suppose -15*u - s = -19*u. What are the prime factors of u?
71
Suppose -14 - 4 = -2*h. Let x be (-24)/1*h/6. Let t = 45 + x. What are the prime factors of t?
3
Let b = -11710 - -31328. What are the prime factors of b?
2, 17, 577
Let x(g) = -7*g - 38. Suppose -3*w + 4*b = 2*b - 4, 0 = -4*w + 5*b - 4. Let f(j) = -3*j - 19. Let l(d) = w*x(d) - 9*f(d). What are the prime factors of l(0)?
1